{"id":162,"date":"2014-06-15T20:21:37","date_gmt":"2014-06-15T18:21:37","guid":{"rendered":"http:\/\/www.test3.ilico.se\/?page_id=162"},"modified":"2016-05-20T10:04:11","modified_gmt":"2016-05-20T08:04:11","slug":"om-mig-2","status":"publish","type":"page","link":"https:\/\/www.ilico.se\/?page_id=162","title":{"rendered":"OM INGRID GUNNARS"},"content":{"rendered":"<h2>Grafisk digitaltrixare med m\u00e4nniskointresse och spr\u00e5kmani.<\/h2>\n<p>Jag heter Ingrid Gunnars och \u00e4r egenf\u00f6retagare och projektledare med inriktning p\u00e5 grafisk formgivning och produktion av trycksaker, webbsidor, presentationer och annat informationsmaterial. Logotyper\/illustrationer, skr\u00e4ddarsydd undervisning inom grafiska program. Mina kunder v\u00e4ljer oftast en helhetsl\u00f6sning, vilket inneb\u00e4r att jag \u00e4ven best\u00e4ller webb eller tryck av externa leverant\u00f6rer. F\u00f6r Murmestarembetet och Orn\u00f6 Sj\u00f6trafik har jag till exempel varit med om att producera en ny hemsida, nytt expomaterial, trycksaker\u00a0och gatubanderoller. Kunder, till exempel Nationalmuseum, Centern, Thetis AB, Allhus AB, BJ Bygg AB, <a href=\"http:\/\/www.ornosjotrafik.se\" target=\"_blank\">Orn\u00f6 Sj\u00f6trafik AB<\/a>, Institutet f\u00f6r Offentlig och Internationell R\u00e4tt, <a href=\"http:\/\/www.murmestare.se\" target=\"_blank\">Murmestare Embetet<\/a>\u00a0<a href=\"http:\/\/www.murmestare.se\" target=\"_blank\">i Stockholm.<\/a> CSR-\u00e5tagande f\u00f6r TeaterTravers och Mosaikteatern. Tidigare konsultverksamhet bland annat inom Fortum V\u00e4rme, i form av trycksaksframst\u00e4llning och material f\u00f6r intran\u00e4t, Internet och presentationer. Webb och trycksaksframst\u00e4llning f\u00f6r Spelplan Stockholm \u2013 kulturfestival 2002. Min mediautbildning har hittills varit p\u00e5 RMI Berghs, Medieskolan i Stockholm, S\u00f6dert\u00f6rns h\u00f6gskola och DI. Jag \u00e4r \u00e4ven\u00a0utbildad l\u00e4rare inom media och humaniora och bild.<\/p>\n<p>&nbsp;<\/p>\n<p>&nbsp;<\/p>\n","protected":false},"excerpt":{"rendered":"<p>Grafisk digitaltrixare med m\u00e4nniskointresse och spr\u00e5kmani. Jag heter Ingrid Gunnars och \u00e4r egenf\u00f6retagare och projektledare med inriktning p\u00e5 grafisk formgivning och produktion av trycksaker, webbsidor, presentationer och annat informationsmaterial. Logotyper\/illustrationer, skr\u00e4ddarsydd undervisning inom grafiska program. Mina kunder v\u00e4ljer oftast en helhetsl\u00f6sning, vilket inneb\u00e4r att jag \u00e4ven best\u00e4ller webb eller tryck [&hellip;]<\/p>\n","protected":false},"author":1,"featured_media":0,"parent":0,"menu_order":0,"comment_status":"open","ping_status":"open","template":"","meta":[],"_links":{"self":[{"href":"https:\/\/www.ilico.se\/index.php?rest_route=\/wp\/v2\/pages\/162"}],"collection":[{"href":"https:\/\/www.ilico.se\/index.php?rest_route=\/wp\/v2\/pages"}],"about":[{"href":"https:\/\/www.ilico.se\/index.php?rest_route=\/wp\/v2\/types\/page"}],"author":[{"embeddable":true,"href":"https:\/\/www.ilico.se\/index.php?rest_route=\/wp\/v2\/users\/1"}],"replies":[{"embeddable":true,"href":"https:\/\/www.ilico.se\/index.php?rest_route=%2Fwp%2Fv2%2Fcomments&post=162"}],"version-history":[{"count":25,"href":"https:\/\/www.ilico.se\/index.php?rest_route=\/wp\/v2\/pages\/162\/revisions"}],"predecessor-version":[{"id":340,"href":"https:\/\/www.ilico.se\/index.php?rest_route=\/wp\/v2\/pages\/162\/revisions\/340"}],"wp:attachment":[{"href":"https:\/\/www.ilico.se\/index.php?rest_route=%2Fwp%2Fv2%2Fmedia&parent=162"}],"curies":[{"name":"wp","href":"https:\/\/api.w.org\/{rel}","templated":true}]}}